8)?
-2
Let b(s) = -1024*s - 110585. Calculate b(-108).
7
Let j(y) = -y**3 - 106*y**2 - 688*y - 97641. Give j(-108).
-9
Let y(v) = -v**3 + 45*v**2 + 1719*v - 77594. Calculate y(44).
-22
Let n(j) = -j**2 + 84*j + 5729. What is n(125)?
604
Let z(y) = -12*y**2 - 808*y + 52735. What is z(-108)?
31
Let n(k) = 177064*k + 531187. Determine n(-3).
-5
Let f(c) = 7*c**2 + 875*c - 3580. Give f(-129).
32
Let t(o) = -2*o**2 + 92*o - 590. Calculate t(15).
340
Let h(p) = -72*p**2 + 570*p + 27. Calculate h(8).
-21
Let r(o) = -o**3 - 23*o + 300. Determine r(0).
300
Let l(g) = -34*g**3 + 2420*g**2 - 422*g - 74. Give l(71).
210
Let o(c) = -72*c**3 + 500*c**2 + 37*c - 66. Determine o(7).
-3
Let x(s) = 8653*s - 1687337. Give x(195).
-2
Let i(s) = -5*s**3 + 41*s**2 + 127*s - 101. Determine i(-3).
22
Let r(c) = 327*c + 50250. Calculate r(-143).
3489
Let a(g) = 3*g**3 + 22*g**2 + 120*g + 965. Give a(-8).
-123
Let v(r) = 386*r**2 - 4190*r + 4186. Determine v(1).
382
Let p(k) = -4970*k - 352891. What is p(-71)?
-21
Let f(o) = 999*o - 209652. Determine f(211).
1137
Let u(q) = -2*q**2 + 363*q - 456. Determine u(180).
84
Let v(w) = -w**3 + 52*w**2 + 223*w - 24. Calculate v(56).
-80
Let v(c) = 1372*c - 15019. Determine v(10).
-1299
Let j(y) = -2*y**2 - 277*y - 9509. What is j(-61)?
-54
Let b(u) = -2483*u + 4906418. Give b(1976).
10
Let y(a) = -6*a**3 - 59*a**2 - 136*a - 22. Give y(-3).
17
Let u(j) = 9*j**3 - 3684*j**2 - 6164*j - 411. What is u(411)?
0
Let g(p) = -p**3 + p**2 + 153*p + 245. What is g(13)?
206
Let v(i) = -11720*i - 321. Calculate v(0).
-321
Let x(o) = 2*o**3 + 20*o**2 - 40*o - 134. Calculate x(-12).
-230
Let d(r) = -4*r**2 + 82*r - 241. Determine d(12).
167
Let v(r) = r**2 + 340*r + 27359. Give v(-130).
59
Let s(a) = 1180986*a - 5904933. Calculate s(5).
-3
Let a(s) = -6876*s + 34341. What is a(5)?
-39
Let u(h) = h**2 + 111*h + 700. Determine u(-82).
-1678
Let i(f) = 170116*f + 98. Determine i(0).
98
Let b(l) = 2*l**2 + 32006*l - 160078. Calculate b(5).
2
Let o(p) = 84*p + 8638. Give o(-59).
3682
Let d(l) = l**3 - 6*l**2 + 4743*l - 33248. Give d(7).
2
Let x(h) = 19618*h + 1549833. What is x(-79)?
11
Let g(i) = -2*i**3 + 254*i**2 - 352*i + 77775. Determine g(128).
-49
Let s(x) = 48*x**2 - 75*x - 777. Determine s(5).
48
Let j(x) = 3*x**3 + 243*x**2 + 2314*x + 625. Calculate j(-70).
345
Let z(a) = -1932*a + 1735205. What is z(898)?
269
Let w(l) = -937*l**2 - 1241*l + 1245. Give w(1).
-933
Let f(x) = 4*x**2 - 134816*x + 269623. What is f(2)?
7
Let h(y) = -y**2 + 20*y - 63. Calculate h(7).
28
Let w(m) = -2710*m - 2919. Determine w(0).
-2919
Let y(x) = -5*x**2 + 636*x + 39. Give y(127).
166
Let v(x) = 2*x**3 - 6*x**2 - 373*x + 1999. Give v(5).
234
Let a(u) = 8*u**3 - 7*u**2 - 36*u - 72. Calculate a(-2).
-92
Let j(q) = 124*q**2 - 433*q + 858. Calculate j(2).
488
Let s(b) = 655326*b - 1965985. What is s(3)?
-7
Let y(v) = -11748*v**2 + 7365993*v + 1886. Determine y(627).
5
Let r(t) = t**3 + 5*t**2 + 392*t + 1555. Determine r(-4).
3
Let t(g) = 9059*g - 190308. What is t(21)?
-69
Let z(i) = 3*i**3 + 132*i**2 + 11966*i + 526480. Give z(-44).
-24
Let h(o) = -162*o + 6882. Determine h(34).
1374
Let g(d) = d**3 + 1147*d**2 + 76401*d + 414. What is g(-71)?
59
Let a(t) = -518*t**2 + 2668*t - 18. What is a(5)?
372
Let b(v) = -2*v**3 - 5*v**2 + 7836*v + 31300. What is b(-4)?
4
Let y(s) = 179*s + 7540. Calculate y(-42).
22
Let i(u) = 50725*u + 4463801. What is i(-88)?
1
Let q(f) = -11498*f**2 + 22992*f + 3. What is q(2)?
-5
Let b(y) = 6*y**2 - 1826*y + 46919. What is b(276)?
-1
Let b(r) = -541*r - 135679. Determine b(-251).
112
Let d(o) = 5716*o - 148581. Determine d(26).
35
Let q(f) = -1035*f. What is q(0)?
0
Let c(d) = 5340*d**2 - 26707*d + 37. What is c(5)?
2
Let d(k) = -21814*k - 872850. Give d(-40).
-290
Let m(c) = -c**2 + 2676*c + 175369. Calculate m(-64).
9
Let x(r) = -r**2 - 69*r + 2756. Give x(33).
-610
Let t(b) = -10697*b + 759505. Give t(71).
18
Let q(y) = -2*y**2 + 116*y + 120. What is q(58)?
120
Let m(s) = -429*s - 2079. Calculate m(-4).
-363
Let p(r) = 8*r**2 - 669*r - 1221. Determine p(85).
-286
Let z(n) = -3000*n - 4959005. What is z(-1653)?
-5
Let d(y) = -1321*y + 34661. Calculate d(26).
315
Let u(d) = -8987*d + 345. Give u(0).
345
Let n(z) = 5099*z - 25495. Calculate n(5).
0
Let m(v) = v**2 - 847*v + 41399. Calculate m(52).
59
Let v(r) = 8*r**3 - 27*r**2 - 281*r + 540. Calculate v(7).
-6
Let w(d) = 3955*d - 173980. What is w(44)?
40
Let w(g) = 184*g + 42320. Calculate w(-230).
0
Let z(h) = -5*h**3 + 82*h**2 + 123*h - 2542. Give z(16).
-62
Let y(s) = 2*s**3 - 588*s**2 - 3002*s + 3533. Determine y(299).
-55
Let j(l) = 3745*l**2 - 86126*l - 195. Give j(23).
12
Let m(b) = -8554*b + 273852. What is m(32)?
124
Let s(n) = -1820*n + 329416. Calculate s(181).
-4
Let u(y) = 5*y**3 + 9*y**2 - 134*y + 62. Determine u(4).
-10
Let v(h) = h**2 - 178*h - 1835. What is v(-10)?
45
Let q(b) = 6*b**3 + 10*b**2 + 94*b - 106. Give q(1).
4
Let r(f) = -f**2 + 2982*f - 1400445. Calculate r(584).
-13
Let c(h) = 6*h**2 - 1359*h + 13169. What is c(217)?
800
Let n(t) = -19092*t + 57275. Determine n(3).
-1
Let w(l) = -103*l**2 - 18433*l + 726. Calculate w(-179).
10
Let h(f) = -1248*f + 26420. What is h(21)?
212
Let b(y) = -y**2 - 34*y + 5424. Give b(58).
88
Let p(g) = -6*g**2 - 406*g - 6128. Calculate p(-22).
-100
Let g(z) = -24*z**2 + 25*z + 198. Determine g(-6).
-816
Let v(y) = y**2 - 127463*y + 1019637. What is v(8)?
-3
Let f(r) = r**3 - 772*r**2 + 18696*r - 15726. Give f(747).
-39
Let y(s) = -18*s**3 - 2554*s**2 - 15359*s - 7. Give y(-6).
4091
Let n(f) = 29*f**2 - 139*f - 85. Determine n(9).
1013
Let f(v) = -3*v**3 + 7*v**2 + 380*v + 104. Give f(-10).
4
Let b(v) = 2*v**3 - 28*v**2 + 2*v + 153. Give b(10).
-627
Let d(p) = 11*p**3 - 64*p**2 - 14*p - 20. Determine d(3).
-341
Let i(v) = v**3 - 36*v**2 + 302*v - 1. Determine i(12).
167
Let d(l) = -l**3 - 6*l**2 + 7462*l - 37042. What is d(5)?
-7
Let w(g) = -97026*g + 194010. Calculate w(2).
-42
Let b(c) = -11*c**3 + 493*c**2 + 611*c - 575. Calculate b(46).
23
Let x(o) = -129*o - 1522. Calculate x(-11).
-103
Let i(n) = 945*n**2 + 254215*n + 2614. What is i(-269)?
-76
Let p(a) = -a**3 + 29*a**2 + 229*a + 736. Calculate p(36).
-92
Let u(p) = -3*p**2 + 660*p + 250138. Give u(419).
-5
Let y(d) = -d**3 - 782*d**2 - 1054*d - 213279. What is y(-781)?
-66
Let b(h) = -h**2 - 80*h - 310. Calculate b(-33).
1241
Let p(s) = -3*s**2 - 3608*s + 21775. What is p(6)?
19
Let a(m) = 4*m**2 + 182*m - 819. Determine a(-56).
1533
Let t(u) = 15196*u - 22414092. Give t(1475).
8
Let w(x) = -x**3 - 859*x**2 + 432*x - 368084. Determine w(-860).
-4
Let g(x) = -20863*x - 146382. Calculate g(-7).
-341
Let z(i) = i**3 - 64*i**2 + 102*i + 1231. What is z(62)?
-133
Let o(k) = -k**2 - 616*k - 63243. Determine o(-128).
-779
Let j(u) = 1341*u - 4491. Determine j(3).
-468
Let o(p) = p**3 - 335*p**2 - 17934*p - 7634. Determine o(382).
6
Let v(o) = -319*o**2 - 359*o + 677. Determine v(1).
-1
Let h(a) = 146*a**2 - 46573*a - 319. What is h(319)?
0
Let f(a) = 179*a - 11041. Calculate f(66).
773
Let b(r) = -r**3 + 503*r**2 - 1539*r + 19701. Give b(500).
201
Let l(d) = 4*d**2 + 189*d + 2213. Give l(-27).
26
Let c(y) = -2*y**2 + 104*y + 5040. What is c(83)?
-106
Let y(q) = -q**3 - 119*q**2 + 9322*q + 1104231. Give y(-120).
-9
Let t(w) = w**2 - 18*w - 33230. What is t(-175)?
545
Let d(z) = -9673*z - 29028. Calculate d(-3).
-9
Let q(o) = 3*o**2 + 993*o + 31087. What is q(-296)?
7
Let u(h) = 5122*h - 97274. Give u(19).
44
Let s(b) = -83757*b - 502501. Calculate s(-6).
41
Let l(r) = -108*r**2 - 1476*r - 5. What is l(-13)?
931
Let f(g) = -69*g**2 + 337. Determine f(0).
337
Let g(f) = 4*f**3 - 867*f**2 - 211*f - 1297. Determine g(217).
5
Let q(k) = -947*k + 11664. Give q(11).
1247
Let g(t) = -16*t**2 - 19*t + 62. Calculate g(2).
-40
Let o(n) = 36*n - 1781. What is o(22)?
-989
Let c(l) = 785*l**2 + 742*l + 10. Give c(-1).
53
Let x(u) = 4*u**3 + 5997*u**2 + 1590*u + 136406. Calculate x(-1499).
-3
Let k(r) = -2*r**3 + 4*r**2 + 77*r - 68. Determine k(-10).
1562
Let r(z) = 1314*z + 245714. Give r(-187).
-4
Let h(y) = -22062*y - 16811239. Calculate h(-762).
5
Let p(i) = i**3 - 30*i**2 + 1268*i - 33946. What is p(28)?
-10
Let t(m) = 3*m**2 + 706*m + 35836. Determine t(-73).
285
Let w(k) = 3688*k